{"id":1102,"date":"2019-04-02T13:06:05","date_gmt":"2019-04-02T13:06:05","guid":{"rendered":"http:\/\/maiorescu.ro\/nou2015\/?page_id=1102"},"modified":"2019-10-31T13:57:41","modified_gmt":"2019-10-31T13:57:41","slug":"150-de-ani-de-la-infiintarea-gimnaziului-ion-maiorescu","status":"publish","type":"page","link":"https:\/\/maiorescu.ro\/nou2015\/150-de-ani-de-la-infiintarea-gimnaziului-ion-maiorescu\/","title":{"rendered":"150 de ani de la \u00eenfiin\u021barea gimnaziului \u201dIon Maiorescu\u201d- activit\u0103\u021bi"},"content":{"rendered":"<p>Cu deosebit\u0103\u00a0 bucurie v\u0103 aducem la cuno\u015ftin\u0163\u0103 c\u0103 pe data de 4 noiembrie 2019, Colegiul Na\u0163ional \u201cIon Maiorescu\u201d din Giurgiu, s\u0103rb\u0103tore\u015fte 150 de ani de activitatea ne\u00eentrerupt\u0103.<\/p>\n<p>Cu prilejul acestei importante anivers\u0103ri \u00een s\u0103pt\u0103m\u00e2na 28 octombrie &#8211; 2 noiembrie 2019 au loc numeroase manifest\u0103ri, programul acestora se g\u0103se\u0219te <a href=\"https:\/\/drive.google.com\/open?id=18IkpDXAb534bymmbU9jsszsuPsJy-xDW\">aici<\/a>.<\/p>\n<p>Detaliile acestei s\u0103pt\u0103m\u00e2ni se g\u0103sesc <a href=\"https:\/\/maiorescu.ro\/nou2015\/2019\/10\/28\/saptamana-28-octombrie-2-noiembrie-2019\/\">aici<\/a>.<\/p>\n<p>Imagini de la activit\u0103\u021bi g\u0103si\u021bi <a href=\"https:\/\/drive.google.com\/drive\/folders\/1KzZtHaQmIaUzj9cdIfKNO7_QLEucst55\">aici<\/a>.<\/p>\n<p>Liceul este \u00eembr\u0103cat \u00een haine de s\u0103rb\u0103toare \u0219i g\u0103zduie\u0219te numeroase expozi\u021bii. Turul expozi\u021biilor se g\u0103se\u0219te aici.<\/p>\n<p align=\"justify\">Alte evenimente care au avut loc \u00een anul 2019, prilejuite de aceasta sarbatoare gasi\u021bi <a href=\"https:\/\/maiorescu.ro\/nou2015\/2019\/10\/28\/activitati-realizate-in-anul-2019-la-implinirea-a-150-de-ani-de-la-infiintarea-gimnaziului\/\">aici<\/a>.<\/p>\n","protected":false},"excerpt":{"rendered":"<p>Cu deosebit\u0103\u00a0 bucurie v\u0103 aducem la cuno\u015ftin\u0163\u0103 c\u0103 pe data de 4 noiembrie 2019, Colegiul Na\u0163ional \u201cIon Maiorescu\u201d din Giurgiu, s\u0103rb\u0103tore\u015fte 150 de ani de activitatea ne\u00eentrerupt\u0103. Cu prilejul acestei importante anivers\u0103ri \u00een s\u0103pt\u0103m\u00e2na 28 octombrie &#8211; 2 noiembrie 2019 &hellip; <a href=\"https:\/\/maiorescu.ro\/nou2015\/150-de-ani-de-la-infiintarea-gimnaziului-ion-maiorescu\/\">Continu\u0103 s\u0103 cite\u0219ti <span class=\"meta-nav\">&rarr;<\/span><\/a><\/p>\n","protected":false},"author":1,"featured_media":0,"parent":0,"menu_order":0,"comment_status":"closed","ping_status":"closed","template":"","meta":{"footnotes":""},"class_list":["post-1102","page","type-page","status-publish","hentry"],"_links":{"self":[{"href":"https:\/\/maiorescu.ro\/nou2015\/wp-json\/wp\/v2\/pages\/1102","targetHints":{"allow":["GET"]}}],"collection":[{"href":"https:\/\/maiorescu.ro\/nou2015\/wp-json\/wp\/v2\/pages"}],"about":[{"href":"https:\/\/maiorescu.ro\/nou2015\/wp-json\/wp\/v2\/types\/page"}],"author":[{"embeddable":true,"href":"https:\/\/maiorescu.ro\/nou2015\/wp-json\/wp\/v2\/users\/1"}],"replies":[{"embeddable":true,"href":"https:\/\/maiorescu.ro\/nou2015\/wp-json\/wp\/v2\/comments?post=1102"}],"version-history":[{"count":12,"href":"https:\/\/maiorescu.ro\/nou2015\/wp-json\/wp\/v2\/pages\/1102\/revisions"}],"predecessor-version":[{"id":1287,"href":"https:\/\/maiorescu.ro\/nou2015\/wp-json\/wp\/v2\/pages\/1102\/revisions\/1287"}],"wp:attachment":[{"href":"https:\/\/maiorescu.ro\/nou2015\/wp-json\/wp\/v2\/media?parent=1102"}],"curies":[{"name":"wp","href":"https:\/\/api.w.org\/{rel}","templated":true}]}}

150 de ani de la înființarea gimnaziului ”Ion Maiorescu”- activități

<p>Cu deosebită  bucurie vă aducem la cunoştinţă că pe data de 4 noiembrie 2019, Colegiul Naţional “Ion Maiorescu” din Giurgiu, sărbătoreşte 150 de ani de activitatea neîntreruptă.</p>
<p>Cu prilejul acestei importante aniversări în săptămâna 28 octombrie &#8211; 2 noiembrie 2019 au loc numeroase manifestări, programul acestora se găsește <a href="https://drive.google.com/open?id=18IkpDXAb534bymmbU9jsszsuPsJy-xDW">aici</a>.</p>
<p>Detaliile acestei săptămâni se găsesc <a href="https://maiorescu.ro/nou2015/2019/10/28/saptamana-28-octombrie-2-noiembrie-2019/">aici</a>.</p>
<p>Imagini de la activități găsiți <a href="https://drive.google.com/drive/folders/1KzZtHaQmIaUzj9cdIfKNO7_QLEucst55">aici</a>.</p>
<p>Liceul este îmbrăcat în haine de sărbătoare și găzduiește numeroase expoziții. Turul expozițiilor se găsește aici.</p>
<p align="justify">Alte evenimente care au avut loc în anul 2019, prilejuite de aceasta sarbatoare gasiți <a href="https://maiorescu.ro/nou2015/2019/10/28/activitati-realizate-in-anul-2019-la-implinirea-a-150-de-ani-de-la-infiintarea-gimnaziului/">aici</a>.</p>

<p>Cu deosebită  bucurie vă aducem la cunoştinţă că pe data de 4 noiembrie 2019, Colegiul Naţional “Ion Maiorescu” din Giurgiu, sărbătoreşte 150 de ani de activitatea neîntreruptă. Cu prilejul acestei importante aniversări în săptămâna 28 octombrie &#8211; 2 noiembrie 2019 &hellip; <a href="https://maiorescu.ro/nou2015/150-de-ani-de-la-infiintarea-gimnaziului-ion-maiorescu/">Continuă să citești <span class="meta-nav">&rarr;</span></a></p>
