{"id":1259,"date":"2019-10-28T09:23:29","date_gmt":"2019-10-28T09:23:29","guid":{"rendered":"http:\/\/maiorescu.ro\/nou2015\/?page_id=1259"},"modified":"2019-10-28T19:58:01","modified_gmt":"2019-10-28T19:58:01","slug":"saptamana-28-octombrie-2-noiembrie","status":"publish","type":"page","link":"https:\/\/maiorescu.ro\/nou2015\/saptamana-28-octombrie-2-noiembrie\/","title":{"rendered":"S\u0103pt\u0103m\u00e2na 28 octombrie &#8211; 2 noiembrie"},"content":{"rendered":"\n<p style=\"font-size:14px\" class=\"has-drop-cap\">O s\u0103pt\u0103m\u00e2n\u0103 care va r\u0103m\u00e2ne \u00een memoria tuturor celor prezen\u021bi, pentru c\u0103 s\u0103rb\u0103torim 150 de ani de activitate ne\u00eentrerupt\u0103. Pentru memoria colectiv\u0103 \u00een cele ce urmeaz\u0103 o s\u0103 consemn\u0103m cele \u00eent\u00e2mplate.<\/p>\n\n\n\n<p style=\"background-color:#c1b5b5;font-size:14px\" class=\"has-background has-drop-cap\">Luni 28 octombrie ziua debuteaz\u0103 cu un careu la care sunt prezente toate clasele. Avem invita\u021bi de seam\u0103 din partea Inspectoratului \u0218colar Jude\u021bean, dna inspector general Delea Mirela, dna inspector G\u0103ulea Mariana.<\/p>\n\n\n\n<p>Sunt inaugurate expozi\u021biile din liceu \u0219i se viziteaz\u0103 de c\u0103tre cei prezen\u021bi. Are loc concursul de \u0219ah \u0219i deasemenea competi\u021bii sportive.<\/p>\n\n\n\n<p style=\"background-color:#c1b5b5;font-size:14px\" class=\"has-background has-drop-cap\">Mar\u021bi 29 octombrie are loc un Concert educativ la Ateneul din Giurgiu.<\/p>\n","protected":false},"excerpt":{"rendered":"<p>O s\u0103pt\u0103m\u00e2n\u0103 care va r\u0103m\u00e2ne \u00een memoria tuturor celor prezen\u021bi, pentru c\u0103 s\u0103rb\u0103torim 150 de ani de activitate ne\u00eentrerupt\u0103. Pentru memoria colectiv\u0103 \u00een cele ce urmeaz\u0103 o s\u0103 consemn\u0103m cele \u00eent\u00e2mplate. Luni 28 octombrie ziua debuteaz\u0103 cu un careu la &hellip; <a href=\"https:\/\/maiorescu.ro\/nou2015\/saptamana-28-octombrie-2-noiembrie\/\">Continu\u0103 s\u0103 cite\u0219ti <span class=\"meta-nav\">&rarr;<\/span><\/a><\/p>\n","protected":false},"author":1,"featured_media":0,"parent":0,"menu_order":0,"comment_status":"closed","ping_status":"closed","template":"","meta":{"footnotes":""},"class_list":["post-1259","page","type-page","status-publish","hentry"],"_links":{"self":[{"href":"https:\/\/maiorescu.ro\/nou2015\/wp-json\/wp\/v2\/pages\/1259","targetHints":{"allow":["GET"]}}],"collection":[{"href":"https:\/\/maiorescu.ro\/nou2015\/wp-json\/wp\/v2\/pages"}],"about":[{"href":"https:\/\/maiorescu.ro\/nou2015\/wp-json\/wp\/v2\/types\/page"}],"author":[{"embeddable":true,"href":"https:\/\/maiorescu.ro\/nou2015\/wp-json\/wp\/v2\/users\/1"}],"replies":[{"embeddable":true,"href":"https:\/\/maiorescu.ro\/nou2015\/wp-json\/wp\/v2\/comments?post=1259"}],"version-history":[{"count":5,"href":"https:\/\/maiorescu.ro\/nou2015\/wp-json\/wp\/v2\/pages\/1259\/revisions"}],"predecessor-version":[{"id":1277,"href":"https:\/\/maiorescu.ro\/nou2015\/wp-json\/wp\/v2\/pages\/1259\/revisions\/1277"}],"wp:attachment":[{"href":"https:\/\/maiorescu.ro\/nou2015\/wp-json\/wp\/v2\/media?parent=1259"}],"curies":[{"name":"wp","href":"https:\/\/api.w.org\/{rel}","templated":true}]}}