{"id":130,"date":"2016-02-15T09:08:24","date_gmt":"2016-02-15T09:08:24","guid":{"rendered":"http:\/\/maiorescu.ro\/nou2015\/?page_id=130"},"modified":"2016-02-15T13:02:16","modified_gmt":"2016-02-15T13:02:16","slug":"cuvant-inainte","status":"publish","type":"page","link":"https:\/\/maiorescu.ro\/nou2015\/cuvant-inainte\/","title":{"rendered":"Cuv\u00e2nt \u00eenainte"},"content":{"rendered":"<p id=\"yui_3_16_0_1_1455522916218_24700\" class=\"yiv4642647518\" style=\"text-align: justify;\"><span id=\"yui_3_16_0_1_1455522916218_24811\" lang=\"EN-US\">Colegiul Na<\/span>\u0163<span id=\"yui_3_16_0_1_1455522916218_24699\" lang=\"EN-US\">ional \u201eIon Maiorescu\u201d, institu\u0163ie de elit\u0103 a \u00eenv\u0103\u0163\u0103m\u00e2ntului rom\u00e2nesc \u015fi emblema \u00eenv\u0103t\u0103m\u00e2ntului giurgiuvean, a s\u0103rb\u0103torit la 4 noiembrie 2014, \u00eemplinirea a 145 de ani de la \u00eenfiin\u021barea sa. (Cateva imagini ale evenimentului gasiti <a href=\"https:\/\/plus.google.com\/photos\/117358322245231868739\/albums\/6080797799124520689\" target=\"_blank\">aici<\/a>.)<br \/>\n<\/span><\/p>\n<p id=\"yui_3_16_0_1_1455522916218_24701\" class=\"yiv4642647518\" style=\"text-align: justify;\"><span id=\"yui_3_16_0_1_1455522916218_24808\" lang=\"EN-US\">Sus<\/span><span id=\"yui_3_16_0_1_1455522916218_24807\">\u021b<\/span><span id=\"yui_3_16_0_1_1455522916218_24706\" lang=\"EN-US\">inut\u0103 deopotriv\u0103 prin valoare, munc\u0103 \u0219i\u00a0 tradi\u021bie, institu\u021bia noastr\u0103 de \u00eenva\u021b\u0103m\u00e2nt ridic\u0103, chiar \u0219i dup\u0103 145 de ani, prestigiul \u00eenv\u0103\u021b\u0103m\u00e2ntului din \u021bara noastr\u0103, reprezent\u00e2nd pe mai departe elita \u0219colar\u0103 giurgiuvean\u0103.<\/span><\/p>\n<p id=\"yui_3_16_0_1_1455522916218_24707\" class=\"yiv4642647518\" style=\"text-align: justify;\"><span id=\"yui_3_16_0_1_1455522916218_24764\" lang=\"EN-US\">Poposind pentru o scurt\u0103 incursiune \u00een istoria \u00eendelungat\u0103 a Colegiului, men\u021bion\u0103m c\u0103, pe 22 iunie 1868 \u00eencepea construc\u021bia cl\u0103dirii, acesta fiind finalizat\u0103 la data de 29 octombrie 1869, institu\u021bia func\u021bion\u00e2nd ini\u021bial ca gimnaziu. <\/span><span id=\"yui_3_16_0_1_1455522916218_24766\" lang=\"FR\">Numele de \u201eIon Maiorescu\u201d, reprezentant de seam\u0103 al inteligen\u021bei ardelene\u0219ti \u0219i lupt\u0103tor de frunte \u00een revolu\u021bia din 1848, i-a fost atribuit pe 26 ianuarie 1890.<\/span><\/p>\n<p id=\"yui_3_16_0_1_1455522916218_24763\" class=\"yiv4642647518\" style=\"text-align: justify;\"><span id=\"yui_3_16_0_1_1455522916218_24762\" lang=\"FR\">\u00cen contextul evolu\u021biei liceului, a fost materializat\u0103 ideea transform\u0103rii lui \u00een Colegiu Na\u021bional. Propunerea a fost sus\u021binut\u0103 \u0219i aprobat\u0103 de Inspectoratul \u0218colar Giurgiu \u0219i Ministerul Educa\u021biei, astfel c\u0103, \u00een noiembrie 1996, Colegiul Na\u021bional \u201eIon Maiorescu\u201d devine o realitate.<\/span><\/p>\n<p id=\"yui_3_16_0_1_1455522916218_24809\" class=\"yiv4642647518\" style=\"text-align: justify;\"><span id=\"yui_3_16_0_1_1455522916218_24813\" lang=\"FR\">Supus\u0103 deterior\u0103rilor vremii, cl\u0103direa Colegiului avea nevoie de o repara\u021bie capital\u0103.Este declarat\u0103 cl\u0103dire de Patrimoniu Na\u021bional \u0219i intr\u0103 \u00een restaurare \u00een anul 2007. Lucrarea este finan\u021bat\u0103 de Consiliul Local Giurgiu p\u00e2n\u0103 \u00een anul 2009, apoi este predat\u0103 Colegiului.<\/span><\/p>\n<p id=\"yui_3_16_0_1_1455522916218_24761\" class=\"yiv4642647518\" style=\"text-align: justify;\"><span id=\"yui_3_16_0_1_1455522916218_24760\" lang=\"FR\">\u00cen anul 2011, \u00a0Asocia\u021bia \u00a0PRO MAIORESCU reu\u0219e\u0219te s\u0103 adune fonduri pentru a da spre func\u021biune prima arip\u0103 renovat\u0103 a cl\u0103dirii Colegiului.\u00a0 Prin efortul membrilor Asocia\u021biei \u00a0\u0219i a mai multor\u00a0 oameni cu suflet si cu posibilit\u0103\u021bi financiare s-a f\u0103cut posibil\u0103 desf\u0103\u0219urarea cursurilor\u00a0 in 6 s\u0103li de clas\u0103.<\/span><\/p>\n<p id=\"yui_3_16_0_1_1455522916218_24714\" class=\"yiv4642647518\" style=\"text-align: justify;\"><span id=\"yui_3_16_0_1_1455522916218_24713\" lang=\"FR\">\u00cen ianuarie 2013, conducerea Colegiului face solicitare c\u0103tre Prim\u0103ria Municipiului Giurgiu \u0219i Consiliul Local Giurgiu de a prelua lucr\u0103rile de consolidare a Colegiului, lucr\u0103ri ce stagnaser\u0103din cauza lipsei de fonduri. Re\u00eenceperea lucr\u0103rilor se face \u00een martie 2014, pentru ca pe 13 septembrie 2014 s\u0103 se inaugureze cl\u0103direa reconsolidat\u0103 a b\u0103tr\u00e2nului liceu.<\/span><\/p>\n<p class=\"yiv4642647518\" style=\"text-align: justify;\"><span lang=\"FR\">Renumele de liceu fanion al jude\u021bului Giurgiu se datoreaz\u0103 colectivului de profesori permanent preocupa\u021bi de perfec\u021bionare, implica\u021bi \u00een activitatea \u0219colar\u0103 \u0219i extra\u0219colar\u0103, cu o real\u0103 capacitate de formare a unui cadru motiva\u021bional pentru elevii Colegiului.\u00a0<\/span><\/p>\n<p class=\"yiv4642647518\" style=\"text-align: justify;\"><span lang=\"FR\">\u00cen acela\u0219i timp, rezultatele liceului se datoreaz\u0103 elevilor care dovedesc interes pentru formarea personal\u0103, pentru educa\u021bie, sunt implica\u021bi \u00een toate activit\u0103\u021bile \u0219colare \u0219i extra\u0219colare propuse c\u0103rora le fac fa\u021b\u0103 cu succes, \u00eenscriindu-se \u00eentr-o tradi\u021bie cultural\u0103 de prestigiu.\u00a0<\/span><span lang=\"FR\">Numero\u0219i profesori \u0219i elevi ai Colegiului s-au impus ca personalit\u0103\u021bi ale culturii na\u021bionale \u0219i aici \u00eei men\u021bion\u0103m pe Tudor Vianu, Nicolae Cartojan, Petre Ghelmez \u0219i Ion Barbu.<\/span><\/p>\n<p class=\"yiv4642647518\" style=\"text-align: justify;\"><span lang=\"FR\">Calitatea in educatie provine din pasiunea, implicarea si profesionalismul cu care cadrele didactice isi fac meseria. Acestora se adaug\u0103 interesul elevilor pentru studiu, dar \u0219i dorin\u021ba p\u0103rin\u021bilor de a fi al\u0103turi de \u0219coal\u0103 \u0219i de necesit\u0103\u021bile ei.<\/span><\/p>\n<p id=\"yui_3_16_0_1_1455522916218_24759\" class=\"yiv4642647518\" style=\"text-align: justify;\"><span id=\"yui_3_16_0_1_1455522916218_24758\" lang=\"FR\">Cadrele didactice care predau \u00een Colegiul Na\u021bional \u201eIon Maiorescu\u201d dau dovad\u0103 de un mare interes pentru continua lor perfec\u021bionare \u0219i \u00eencurajeaz\u0103 elevii \u0219i p\u0103rin\u021bii s\u0103 p\u0103streze vie tradi\u021bia maiorescian\u0103.<\/span><\/p>\n<p class=\"yiv4642647518\" style=\"text-align: justify;\"><span lang=\"FR\">Membru al Alian\u021bei Colegiilor Centenare din Rom\u00e2nia, Colegiul Na\u021bional \u201eIon Maiorescu\u201d reprezint\u0103 un brand \u00een educa\u021bie \u00een m\u0103sura \u00een care promovabilitatea la examenele na\u021bionale\u00a0 dep\u0103\u0219e\u0219te 90%, iar absolven\u021bii no\u0219tri urmeaz\u0103 cursurile unor institu\u021bii de \u00eenv\u0103\u021b\u0103m\u00e2nt din \u021bar\u0103 \u0219i din str\u0103in\u0103tate.<\/span><\/p>\n<p style=\"text-align: justify;\"><span id=\"yui_3_16_0_1_1455522916218_24757\" lang=\"FR\">Dorim via\u021b\u0103 lung\u0103 \u0219colii maioresciene pentru viitor \u0219i continuarea unei tradi\u021biii ce reune\u0219te genera\u021biile care s-au format \u00eentr-un secol \u0219i aproape jum\u0103tate de cultur\u0103 \u0219i civiliza\u021bie.<\/span><\/p>\n<p><span id=\"yui_3_16_0_1_1455522916218_24828\" lang=\"EN-US\">Director,<\/span><\/p>\n<p><span id=\"yui_3_16_0_1_1455522916218_24831\" lang=\"EN-US\">Prof. Delea Mirela<\/span><\/p>\n","protected":false},"excerpt":{"rendered":"<p>Colegiul Na\u0163ional \u201eIon Maiorescu\u201d, institu\u0163ie de elit\u0103 a \u00eenv\u0103\u0163\u0103m\u00e2ntului rom\u00e2nesc \u015fi emblema \u00eenv\u0103t\u0103m\u00e2ntului giurgiuvean, a s\u0103rb\u0103torit la 4 noiembrie 2014, \u00eemplinirea a 145 de ani de la \u00eenfiin\u021barea sa. (Cateva imagini ale evenimentului gasiti aici.) Sus\u021binut\u0103 deopotriv\u0103 prin valoare, munc\u0103 &hellip; <a href=\"https:\/\/maiorescu.ro\/nou2015\/cuvant-inainte\/\">Continu\u0103 s\u0103 cite\u0219ti <span class=\"meta-nav\">&rarr;<\/span><\/a><\/p>\n","protected":false},"author":1,"featured_media":0,"parent":0,"menu_order":0,"comment_status":"closed","ping_status":"closed","template":"","meta":{"footnotes":""},"class_list":["post-130","page","type-page","status-publish","hentry"],"_links":{"self":[{"href":"https:\/\/maiorescu.ro\/nou2015\/wp-json\/wp\/v2\/pages\/130","targetHints":{"allow":["GET"]}}],"collection":[{"href":"https:\/\/maiorescu.ro\/nou2015\/wp-json\/wp\/v2\/pages"}],"about":[{"href":"https:\/\/maiorescu.ro\/nou2015\/wp-json\/wp\/v2\/types\/page"}],"author":[{"embeddable":true,"href":"https:\/\/maiorescu.ro\/nou2015\/wp-json\/wp\/v2\/users\/1"}],"replies":[{"embeddable":true,"href":"https:\/\/maiorescu.ro\/nou2015\/wp-json\/wp\/v2\/comments?post=130"}],"version-history":[{"count":6,"href":"https:\/\/maiorescu.ro\/nou2015\/wp-json\/wp\/v2\/pages\/130\/revisions"}],"predecessor-version":[{"id":150,"href":"https:\/\/maiorescu.ro\/nou2015\/wp-json\/wp\/v2\/pages\/130\/revisions\/150"}],"wp:attachment":[{"href":"https:\/\/maiorescu.ro\/nou2015\/wp-json\/wp\/v2\/media?parent=130"}],"curies":[{"name":"wp","href":"https:\/\/api.w.org\/{rel}","templated":true}]}}