{"id":1465,"date":"2021-04-18T19:52:38","date_gmt":"2021-04-18T19:52:38","guid":{"rendered":"http:\/\/maiorescu.ro\/nou2015\/?page_id=1465"},"modified":"2021-06-07T18:40:46","modified_gmt":"2021-06-07T18:40:46","slug":"revista-maio","status":"publish","type":"page","link":"https:\/\/maiorescu.ro\/nou2015\/revista-maio\/","title":{"rendered":"Revista Maio"},"content":{"rendered":"\n<p style=\"text-align:center\"><strong>&#8222;Revista Maio&#8221; este un proiect colectiv aflat sub direc\u021bia&nbsp;Departamentului de Art\u0103<\/strong>&nbsp;<strong>al&nbsp;<\/strong><em><strong>C\u0218E CNIM<\/strong>,&nbsp;<strong>2020-2021<\/strong>.<\/em><\/p>\n\n\n\n<p><p align=\"justify\">&#8222;Revista Maio&#8221; este rezultatul colabor\u0103rii colectivului de elevi, \u00eencurajat s\u0103 se exprime creativ \u0219i liber \u00eentr-un cadru necenzurat de interven\u021bia profesorilor.<br>Echipa de redac\u021bie, alc\u0103tuit\u0103 din Redactor-\u0219ef, Creative Director \u0219i Design Artist&nbsp;<strong>B\u0103nic\u0103 Daria<\/strong>, redactori&nbsp;<strong>Filip Alexia<\/strong>,&nbsp;<strong>Rotaru Albert&nbsp;<\/strong>\u0219i&nbsp;<strong>Ni\u021bu Maria<\/strong>, Asistent Designer&nbsp;<strong>Fere\u0219teanu Mara&nbsp;<\/strong>\u0219i Cover Artist&nbsp;<strong>Ro\u0219u Vlad<\/strong>&nbsp;a asigurat, pe parcursul celor 5 edi\u021bii, calitatea excep\u021bional\u0103 a revistei la nivel de design \u0219i de con\u021binut. Direc\u021bia creativ\u0103 \u0219i temele sunt inedite \u0219i de actualitate \u0219i pun \u00een lumin\u0103 poten\u021bialul creativ al tinerilor, pe care \u00eei descoperim \u00eentr-o nou\u0103 perspectiv\u0103, \u00eentr-un cadru care nu le-a fost oferit p\u00e2n\u0103 acum de rigorile sistemului formal de \u00eenv\u0103\u021b\u0103m\u00e2nt rom\u00e2nesc. Meritul este, \u00eens\u0103, al tuturor celor care \u0219i-au g\u0103sit vocea prin revist\u0103 \u0219i au contribuit, prin articole, recenzii, crea\u021bii literare sau plastice, ajut\u00e2nd ini\u021biativa s\u0103 prind\u0103 form\u0103 \u00een edi\u021biile:<\/p><\/p>\n\n\n\n<ol class=\"wp-block-list\"><li><strong>&#8222;Un Cr\u0103ciun Altfel&#8221;<\/strong>, edi\u021bie de debut;<\/li><li><strong>&#8222;Introspectiv&#8221;<\/strong>, \u00een care maiorescienii \u00ee\u0219i exprim\u0103 p\u0103rerea fa\u021b\u0103 de perioada de pandemie \u00een care au trecut;<\/li><li><strong>&#8222;Amor fati&#8221;<\/strong>,<strong>&nbsp;<\/strong>concep\u021bii despre iubire;<\/li><li><strong>&#8222;L&#8217;imperatrice&#8221;<\/strong>, concep\u021bii diferite despre feminitate;<\/li><li><strong>&#8222;Obsesia viitorului&#8221;<\/strong>, \u00een care maiorescienii se raporteaz\u0103 la viitorul genera\u021biei lor;<\/li><li><strong>&#8222;Ergo sum<\/strong>&#8222;, concep\u021bii despre identitate.<\/li><\/ol>\n\n\n\n<p><br><hr>Numere ale revistei:<\/p>\n\n\n\n<ol class=\"wp-block-list\"><li><a href=\"https:\/\/drive.google.com\/file\/d\/12g1j8Uy9VDIexuGmv5EzPBzDTrhb_WIg\/view?usp=sharing\">Decembrie 2020<\/a><\/li><li><a href=\"https:\/\/drive.google.com\/file\/d\/1fuMNDmysKB4Uee9gK1OUh14LLeovR4vl\/view?usp=sharing\">Ianuarie 2021<\/a><\/li><li><a href=\"https:\/\/drive.google.com\/file\/d\/11l18Jm5IX6wTix0smwIVkewMMPZE5i-7\/view?usp=sharing\">Februarie 2021<\/a><\/li><li><a href=\"https:\/\/drive.google.com\/file\/d\/1VpRm-0UA5fPbL7FrdPJcwTU2ngLAgGER\/view?usp=sharing\">Martie 2021<\/a><\/li><li><a href=\"https:\/\/drive.google.com\/file\/d\/1vGjpP9H4wN0GnCB4aLdzn8UBVrnTG31M\/view?usp=sharing\">Mai 2021<\/a><\/li><\/ol>\n\n\n\n<p><\/p>\n","protected":false},"excerpt":{"rendered":"<p>&#8222;Revista Maio&#8221; este un proiect colectiv aflat sub direc\u021bia&nbsp;Departamentului de Art\u0103&nbsp;al&nbsp;C\u0218E CNIM,&nbsp;2020-2021. &#8222;Revista Maio&#8221; este rezultatul colabor\u0103rii colectivului de elevi, \u00eencurajat s\u0103 se exprime creativ \u0219i liber \u00eentr-un cadru necenzurat de interven\u021bia profesorilor.Echipa de redac\u021bie, alc\u0103tuit\u0103 din Redactor-\u0219ef, Creative Director &hellip; <a href=\"https:\/\/maiorescu.ro\/nou2015\/revista-maio\/\">Continu\u0103 s\u0103 cite\u0219ti <span class=\"meta-nav\">&rarr;<\/span><\/a><\/p>\n","protected":false},"author":1,"featured_media":0,"parent":0,"menu_order":0,"comment_status":"closed","ping_status":"closed","template":"","meta":{"footnotes":""},"class_list":["post-1465","page","type-page","status-publish","hentry"],"_links":{"self":[{"href":"https:\/\/maiorescu.ro\/nou2015\/wp-json\/wp\/v2\/pages\/1465","targetHints":{"allow":["GET"]}}],"collection":[{"href":"https:\/\/maiorescu.ro\/nou2015\/wp-json\/wp\/v2\/pages"}],"about":[{"href":"https:\/\/maiorescu.ro\/nou2015\/wp-json\/wp\/v2\/types\/page"}],"author":[{"embeddable":true,"href":"https:\/\/maiorescu.ro\/nou2015\/wp-json\/wp\/v2\/users\/1"}],"replies":[{"embeddable":true,"href":"https:\/\/maiorescu.ro\/nou2015\/wp-json\/wp\/v2\/comments?post=1465"}],"version-history":[{"count":10,"href":"https:\/\/maiorescu.ro\/nou2015\/wp-json\/wp\/v2\/pages\/1465\/revisions"}],"predecessor-version":[{"id":1489,"href":"https:\/\/maiorescu.ro\/nou2015\/wp-json\/wp\/v2\/pages\/1465\/revisions\/1489"}],"wp:attachment":[{"href":"https:\/\/maiorescu.ro\/nou2015\/wp-json\/wp\/v2\/media?parent=1465"}],"curies":[{"name":"wp","href":"https:\/\/api.w.org\/{rel}","templated":true}]}}

<p style="text-align:center"><strong>&#8222;Revista Maio&#8221; este un proiect colectiv aflat sub direcția&nbsp;Departamentului de Artă</strong>&nbsp;<strong>al&nbsp;</strong><em><strong>CȘE CNIM</strong>,&nbsp;<strong>2020-2021</strong>.</em></p>



<p><p align="justify">&#8222;Revista Maio&#8221; este rezultatul colaborării colectivului de elevi, încurajat să se exprime creativ și liber într-un cadru necenzurat de intervenția profesorilor.<br>Echipa de redacție, alcătuită din Redactor-șef, Creative Director și Design Artist&nbsp;<strong>Bănică Daria</strong>, redactori&nbsp;<strong>Filip Alexia</strong>,&nbsp;<strong>Rotaru Albert&nbsp;</strong>și&nbsp;<strong>Nițu Maria</strong>, Asistent Designer&nbsp;<strong>Fereșteanu Mara&nbsp;</strong>și Cover Artist&nbsp;<strong>Roșu Vlad</strong>&nbsp;a asigurat, pe parcursul celor 5 ediții, calitatea excepțională a revistei la nivel de design și de conținut. Direcția creativă și temele sunt inedite și de actualitate și pun în lumină potențialul creativ al tinerilor, pe care îi descoperim într-o nouă perspectivă, într-un cadru care nu le-a fost oferit până acum de rigorile sistemului formal de învățământ românesc. Meritul este, însă, al tuturor celor care și-au găsit vocea prin revistă și au contribuit, prin articole, recenzii, creații literare sau plastice, ajutând inițiativa să prindă formă în edițiile:</p></p>



<ol class="wp-block-list"><li><strong>&#8222;Un Crăciun Altfel&#8221;</strong>, ediție de debut;</li><li><strong>&#8222;Introspectiv&#8221;</strong>, în care maiorescienii își exprimă părerea față de perioada de pandemie în care au trecut;</li><li><strong>&#8222;Amor fati&#8221;</strong>,<strong>&nbsp;</strong>concepții despre iubire;</li><li><strong>&#8222;L&#8217;imperatrice&#8221;</strong>, concepții diferite despre feminitate;</li><li><strong>&#8222;Obsesia viitorului&#8221;</strong>, în care maiorescienii se raportează la viitorul generației lor;</li><li><strong>&#8222;Ergo sum</strong>&#8222;, concepții despre identitate.</li></ol>



<p><br><hr>Numere ale revistei:</p>



<ol class="wp-block-list"><li><a href="https://drive.google.com/file/d/12g1j8Uy9VDIexuGmv5EzPBzDTrhb_WIg/view?usp=sharing">Decembrie 2020</a></li><li><a href="https://drive.google.com/file/d/1fuMNDmysKB4Uee9gK1OUh14LLeovR4vl/view?usp=sharing">Ianuarie 2021</a></li><li><a href="https://drive.google.com/file/d/11l18Jm5IX6wTix0smwIVkewMMPZE5i-7/view?usp=sharing">Februarie 2021</a></li><li><a href="https://drive.google.com/file/d/1VpRm-0UA5fPbL7FrdPJcwTU2ngLAgGER/view?usp=sharing">Martie 2021</a></li><li><a href="https://drive.google.com/file/d/1vGjpP9H4wN0GnCB4aLdzn8UBVrnTG31M/view?usp=sharing">Mai 2021</a></li></ol>



<p></p>

<p>&#8222;Revista Maio&#8221; este un proiect colectiv aflat sub direcția&nbsp;Departamentului de Artă&nbsp;al&nbsp;CȘE CNIM,&nbsp;2020-2021. &#8222;Revista Maio&#8221; este rezultatul colaborării colectivului de elevi, încurajat să se exprime creativ și liber într-un cadru necenzurat de intervenția profesorilor.Echipa de redacție, alcătuită din Redactor-șef, Creative Director &hellip; <a href="https://maiorescu.ro/nou2015/revista-maio/">Continuă să citești <span class="meta-nav">&rarr;</span></a></p>
