{"id":163,"date":"2016-02-26T10:44:00","date_gmt":"2016-02-26T10:44:00","guid":{"rendered":"http:\/\/maiorescu.ro\/nou2015\/?page_id=163"},"modified":"2021-08-04T08:18:03","modified_gmt":"2021-08-04T08:18:03","slug":"oferta-educationala","status":"publish","type":"page","link":"https:\/\/maiorescu.ro\/nou2015\/conducerea-liceului\/oferta-educationala\/","title":{"rendered":"Oferta educa\u021bional\u0103"},"content":{"rendered":"<p><span style=\"color: #008000;\"><strong>An \u0219colar 2021-2022<\/strong><\/span><\/p>\n<p><strong>2 clase a V-a (2*25 locuri)<\/strong><\/p>\n<p><strong>7 clase a IX-a repartizate astfel:<\/strong><\/p>\n<ol>\n<li><strong>Profil real &#8211;<\/strong>\n<ul>\n<li><strong>2 clase matematic\u0103 &#8211; informatic\u0103<\/strong><\/li>\n<li><strong>1 clas\u0103 \u0219tiin\u021bele naturii<\/strong><\/li>\n<\/ul>\n<\/li>\n<li><strong>Profil uman &#8211;<\/strong>\n<ul>\n<li><strong>2 clase filologie<\/strong><\/li>\n<li><strong>1 clas\u0103 filologie intensiv engleza<\/strong><\/li>\n<li><strong>1 clas\u0103 \u0219tiin\u021be sociale<\/strong><\/li>\n<\/ul>\n<\/li>\n<\/ol>\n<p><span style=\"color: #008000;\"><strong>An \u0219colar 2020-2021<\/strong><\/span><\/p>\n<p><strong>2 clase a V-a (2*25 locuri)<\/strong><\/p>\n<p><strong>7 clase a IX-a repartizate astfel:<\/strong><\/p>\n<ol>\n<li><strong>Profil real &#8211;<\/strong>\n<ul>\n<li><strong>2 clase matematic\u0103 &#8211; informatic\u0103<\/strong><\/li>\n<li><strong>1 clas\u0103 \u0219tiin\u021bele naturii<\/strong><\/li>\n<\/ul>\n<\/li>\n<li><strong>Profil uman &#8211;<\/strong>\n<ul>\n<li><strong>2 clase filologie<\/strong><\/li>\n<li><strong>1 clas\u0103 filologie intensiv engleza<\/strong><\/li>\n<li><strong>1 clas\u0103 \u0219tiin\u021be sociale<\/strong><\/li>\n<\/ul>\n<\/li>\n<\/ol>\n<p><span style=\"color: #008000;\"><strong>An \u0219colar 2017-2018<\/strong><\/span><\/p>\n<p><strong>2 clase a V-a (2*30 locuri)<\/strong><\/p>\n<p><strong>7 clase a IX-a repartizate astfel:<\/strong><\/p>\n<ol>\n<li><strong>Profil real &#8211;<\/strong>\n<ul>\n<li><strong>2 clase matematic\u0103 &#8211; informatic\u0103<\/strong><\/li>\n<li><strong>1 clasa \u0219tiin\u021bele naturii<\/strong><\/li>\n<\/ul>\n<\/li>\n<li><strong>Profil uman &#8211;<\/strong>\n<ul>\n<li><strong>3 clase filologie<\/strong><\/li>\n<li><strong>1 clasa filologie intensiv engleza<\/strong><\/li>\n<\/ul>\n<\/li>\n<\/ol>\n<p><strong>An \u0219colar 2016-2017<\/strong><\/p>\n<p><strong>2 clase a V-a (2*30 locuri)<\/strong><\/p>\n<p><strong>7 clase a IX-a repartizate astfel:<\/strong><\/p>\n<ol>\n<li><strong>Profil real &#8211;<\/strong>\n<ul>\n<li><strong>4 clase matematic\u0103 &#8211; informatic\u0103<\/strong><\/li>\n<\/ul>\n<\/li>\n<li><strong>Profil uman &#8211;<\/strong>\n<ul>\n<li><strong>2 clase filologie<\/strong><\/li>\n<li><strong>1 clasa filologie intensiv engleza<\/strong><\/li>\n<\/ul>\n<\/li>\n<\/ol>\n<p><strong>An \u0219colar 2015-2016<\/strong><\/p>\n<p><strong>2 clase a V-a (2*30 locuri)<\/strong><\/p>\n<p><strong>7 clase a IX-a repartizate astfel<\/strong><\/p>\n<ol>\n<li><strong> Profil real &#8211;<\/strong>\n<ul>\n<li><strong>2 clase matematic\u0103 &#8211; informatic\u0103<\/strong><\/li>\n<li><strong>1 clasa stiintele naturii<\/strong><\/li>\n<\/ul>\n<\/li>\n<li><strong> Profil uman &#8211;<\/strong>\n<ul>\n<li><strong>1 clas\u0103 stiinte sociale<\/strong><\/li>\n<li><strong>2 clase filologie<\/strong><\/li>\n<li><strong>1 clasa filologie intensiv engleza<\/strong><\/li>\n<\/ul>\n<\/li>\n<\/ol>\n<p>An scolar 2014-2015<\/p>\n<ul>\n<li><strong>2 clase a V-a (2*30 locuri)<\/strong><\/li>\n<li><strong>7 clase a IX-a repartizate astfel<\/strong><\/li>\n<li><strong> Profil real &#8211;<\/strong>\n<ul>\n<li><strong>3 clase matematic\u0103 &#8211; informatic\u0103<\/strong><\/li>\n<\/ul>\n<\/li>\n<li><strong> Profil uman &#8211;<\/strong>\n<ul>\n<li><strong>1 clas\u0103 stiinte sociale<\/strong><\/li>\n<li><strong>2 clase filologie<\/strong><\/li>\n<li><strong>1 clasa filologie intensiv engleza<\/strong><\/li>\n<\/ul>\n<\/li>\n<\/ul>\n\n\n<p><\/p>\n","protected":false},"excerpt":{"rendered":"<p>An \u0219colar 2021-2022 2 clase a V-a (2*25 locuri) 7 clase a IX-a repartizate astfel: Profil real &#8211; 2 clase matematic\u0103 &#8211; informatic\u0103 1 clas\u0103 \u0219tiin\u021bele naturii Profil uman &#8211; 2 clase filologie 1 clas\u0103 filologie intensiv engleza 1 clas\u0103 &hellip; <a href=\"https:\/\/maiorescu.ro\/nou2015\/conducerea-liceului\/oferta-educationala\/\">Continu\u0103 s\u0103 cite\u0219ti <span class=\"meta-nav\">&rarr;<\/span><\/a><\/p>\n","protected":false},"author":1,"featured_media":0,"parent":38,"menu_order":0,"comment_status":"closed","ping_status":"closed","template":"","meta":{"footnotes":""},"class_list":["post-163","page","type-page","status-publish","hentry"],"_links":{"self":[{"href":"https:\/\/maiorescu.ro\/nou2015\/wp-json\/wp\/v2\/pages\/163","targetHints":{"allow":["GET"]}}],"collection":[{"href":"https:\/\/maiorescu.ro\/nou2015\/wp-json\/wp\/v2\/pages"}],"about":[{"href":"https:\/\/maiorescu.ro\/nou2015\/wp-json\/wp\/v2\/types\/page"}],"author":[{"embeddable":true,"href":"https:\/\/maiorescu.ro\/nou2015\/wp-json\/wp\/v2\/users\/1"}],"replies":[{"embeddable":true,"href":"https:\/\/maiorescu.ro\/nou2015\/wp-json\/wp\/v2\/comments?post=163"}],"version-history":[{"count":5,"href":"https:\/\/maiorescu.ro\/nou2015\/wp-json\/wp\/v2\/pages\/163\/revisions"}],"predecessor-version":[{"id":1516,"href":"https:\/\/maiorescu.ro\/nou2015\/wp-json\/wp\/v2\/pages\/163\/revisions\/1516"}],"up":[{"embeddable":true,"href":"https:\/\/maiorescu.ro\/nou2015\/wp-json\/wp\/v2\/pages\/38"}],"wp:attachment":[{"href":"https:\/\/maiorescu.ro\/nou2015\/wp-json\/wp\/v2\/media?parent=163"}],"curies":[{"name":"wp","href":"https:\/\/api.w.org\/{rel}","templated":true}]}}

Oferta educațională

<p><span style="color: #008000;"><strong>An școlar 2021-2022</strong></span></p>
<p><strong>2 clase a V-a (2*25 locuri)</strong></p>
<p><strong>7 clase a IX-a repartizate astfel:</strong></p>
<ol>
<li><strong>Profil real &#8211;</strong>
<ul>
<li><strong>2 clase matematică &#8211; informatică</strong></li>
<li><strong>1 clasă științele naturii</strong></li>
</ul>
</li>
<li><strong>Profil uman &#8211;</strong>
<ul>
<li><strong>2 clase filologie</strong></li>
<li><strong>1 clasă filologie intensiv engleza</strong></li>
<li><strong>1 clasă științe sociale</strong></li>
</ul>
</li>
</ol>
<p><span style="color: #008000;"><strong>An școlar 2020-2021</strong></span></p>
<p><strong>2 clase a V-a (2*25 locuri)</strong></p>
<p><strong>7 clase a IX-a repartizate astfel:</strong></p>
<ol>
<li><strong>Profil real &#8211;</strong>
<ul>
<li><strong>2 clase matematică &#8211; informatică</strong></li>
<li><strong>1 clasă științele naturii</strong></li>
</ul>
</li>
<li><strong>Profil uman &#8211;</strong>
<ul>
<li><strong>2 clase filologie</strong></li>
<li><strong>1 clasă filologie intensiv engleza</strong></li>
<li><strong>1 clasă științe sociale</strong></li>
</ul>
</li>
</ol>
<p><span style="color: #008000;"><strong>An școlar 2017-2018</strong></span></p>
<p><strong>2 clase a V-a (2*30 locuri)</strong></p>
<p><strong>7 clase a IX-a repartizate astfel:</strong></p>
<ol>
<li><strong>Profil real &#8211;</strong>
<ul>
<li><strong>2 clase matematică &#8211; informatică</strong></li>
<li><strong>1 clasa științele naturii</strong></li>
</ul>
</li>
<li><strong>Profil uman &#8211;</strong>
<ul>
<li><strong>3 clase filologie</strong></li>
<li><strong>1 clasa filologie intensiv engleza</strong></li>
</ul>
</li>
</ol>
<p><strong>An școlar 2016-2017</strong></p>
<p><strong>2 clase a V-a (2*30 locuri)</strong></p>
<p><strong>7 clase a IX-a repartizate astfel:</strong></p>
<ol>
<li><strong>Profil real &#8211;</strong>
<ul>
<li><strong>4 clase matematică &#8211; informatică</strong></li>
</ul>
</li>
<li><strong>Profil uman &#8211;</strong>
<ul>
<li><strong>2 clase filologie</strong></li>
<li><strong>1 clasa filologie intensiv engleza</strong></li>
</ul>
</li>
</ol>
<p><strong>An școlar 2015-2016</strong></p>
<p><strong>2 clase a V-a (2*30 locuri)</strong></p>
<p><strong>7 clase a IX-a repartizate astfel</strong></p>
<ol>
<li><strong> Profil real &#8211;</strong>
<ul>
<li><strong>2 clase matematică &#8211; informatică</strong></li>
<li><strong>1 clasa stiintele naturii</strong></li>
</ul>
</li>
<li><strong> Profil uman &#8211;</strong>
<ul>
<li><strong>1 clasă stiinte sociale</strong></li>
<li><strong>2 clase filologie</strong></li>
<li><strong>1 clasa filologie intensiv engleza</strong></li>
</ul>
</li>
</ol>
<p>An scolar 2014-2015</p>
<ul>
<li><strong>2 clase a V-a (2*30 locuri)</strong></li>
<li><strong>7 clase a IX-a repartizate astfel</strong></li>
<li><strong> Profil real &#8211;</strong>
<ul>
<li><strong>3 clase matematică &#8211; informatică</strong></li>
</ul>
</li>
<li><strong> Profil uman &#8211;</strong>
<ul>
<li><strong>1 clasă stiinte sociale</strong></li>
<li><strong>2 clase filologie</strong></li>
<li><strong>1 clasa filologie intensiv engleza</strong></li>
</ul>
</li>
</ul>


<p></p>

<p>An școlar 2021-2022 2 clase a V-a (2*25 locuri) 7 clase a IX-a repartizate astfel: Profil real &#8211; 2 clase matematică &#8211; informatică 1 clasă științele naturii Profil uman &#8211; 2 clase filologie 1 clasă filologie intensiv engleza 1 clasă &hellip; <a href="https://maiorescu.ro/nou2015/conducerea-liceului/oferta-educationala/">Continuă să citești <span class="meta-nav">&rarr;</span></a></p>
