{"id":1697,"date":"2023-04-06T10:11:51","date_gmt":"2023-04-06T10:11:51","guid":{"rendered":"https:\/\/maiorescu.ro\/nou2015\/?page_id=1697"},"modified":"2023-04-06T10:11:51","modified_gmt":"2023-04-06T10:11:51","slug":"sport","status":"publish","type":"page","link":"https:\/\/maiorescu.ro\/nou2015\/sport\/","title":{"rendered":"Sport"},"content":{"rendered":"\n<p><strong>Programul s\u0103lii de sport<\/strong> &#8211; <strong>An \u0219colar 2022-2023<\/strong><\/p>\n\n\n\n<p><strong>Paraschiv C\u0103t\u0103lin -tenis de c\u00e2mp<\/strong><\/p>\n\n\n\n<ul class=\"wp-block-list\">\n<li>Luni  16.00 &#8211; 19.00<\/li>\n\n\n\n<li>Miercuri 16.00 &#8211; 19.00<\/li>\n\n\n\n<li>Vineri 16.00 &#8211; 19.00<\/li>\n\n\n\n<li>Duminic\u0103 10.00 &#8211; 13.00<\/li>\n<\/ul>\n\n\n\n<p><strong>Club sportiv Mihai Staicu &#8211; kick boxing<\/strong><\/p>\n\n\n\n<ul class=\"wp-block-list\">\n<li>Luni  19.30 &#8211; 20.30<\/li>\n\n\n\n<li>Miercuri 19.30 &#8211; 20.30<\/li>\n\n\n\n<li>Vineri 19.30 &#8211; 20.30<\/li>\n<\/ul>\n","protected":false},"excerpt":{"rendered":"<p>Programul s\u0103lii de sport &#8211; An \u0219colar 2022-2023 Paraschiv C\u0103t\u0103lin -tenis de c\u00e2mp Club sportiv Mihai Staicu &#8211; kick boxing<\/p>\n","protected":false},"author":1,"featured_media":0,"parent":0,"menu_order":0,"comment_status":"closed","ping_status":"closed","template":"","meta":{"footnotes":""},"class_list":["post-1697","page","type-page","status-publish","hentry"],"_links":{"self":[{"href":"https:\/\/maiorescu.ro\/nou2015\/wp-json\/wp\/v2\/pages\/1697","targetHints":{"allow":["GET"]}}],"collection":[{"href":"https:\/\/maiorescu.ro\/nou2015\/wp-json\/wp\/v2\/pages"}],"about":[{"href":"https:\/\/maiorescu.ro\/nou2015\/wp-json\/wp\/v2\/types\/page"}],"author":[{"embeddable":true,"href":"https:\/\/maiorescu.ro\/nou2015\/wp-json\/wp\/v2\/users\/1"}],"replies":[{"embeddable":true,"href":"https:\/\/maiorescu.ro\/nou2015\/wp-json\/wp\/v2\/comments?post=1697"}],"version-history":[{"count":1,"href":"https:\/\/maiorescu.ro\/nou2015\/wp-json\/wp\/v2\/pages\/1697\/revisions"}],"predecessor-version":[{"id":1700,"href":"https:\/\/maiorescu.ro\/nou2015\/wp-json\/wp\/v2\/pages\/1697\/revisions\/1700"}],"wp:attachment":[{"href":"https:\/\/maiorescu.ro\/nou2015\/wp-json\/wp\/v2\/media?parent=1697"}],"curies":[{"name":"wp","href":"https:\/\/api.w.org\/{rel}","templated":true}]}}