{"id":750,"date":"2018-05-15T05:42:39","date_gmt":"2018-05-15T05:42:39","guid":{"rendered":"http:\/\/maiorescu.ro\/nou2015\/?page_id=750"},"modified":"2023-12-20T16:56:34","modified_gmt":"2023-12-20T16:56:34","slug":"corul-cnim","status":"publish","type":"page","link":"https:\/\/maiorescu.ro\/nou2015\/corul-cnim\/","title":{"rendered":"Corul \u201eVl\u0103sceanca\u201d"},"content":{"rendered":"\n<p><strong>Corul \u201eVl\u0103sceanca\u201d al Colegiului Na\u021bional \u201eIon Maiorescu\u201d prezent pe scena Festivalului Interna\u021bional \u201eChristmas Beofest\u201d, Serbia<\/strong><\/p>\n\n\n\n<p class=\"has-text-align-justify\">\u00cen perioada 15-18 decembrie 2023, elevele corului \u201eVl\u0103sceanca\u201d al Colegiului Na\u021bional \u201eIon Maiorescu\u201d, al\u0103turi de forma\u021bia de dansuri populare \u201eRom\u00e2na\u0219ul\u201d \u0219i trupa de majorete \u201eSTEP-UP\u201d, au reprezentat Rom\u00e2nia la Festivalul Interna\u021bional \u201eChristmas Beofest\u201d, Belgrad, Serbia. Presta\u021bia celor trei forma\u021bii giurgiuvene a fost apreciat\u0103 at\u00e2t de public c\u00e2t \u0219i de organizatori, la final primind, pe l\u00e2ng\u0103 diploma de participare \u0219i trofeu, o scrisoare de recomandare din partea organizatorilor precum \u0219i invita\u021bia de a veni \u0219i anul viitor la festival.<\/p>\n\n\n\n<p class=\"has-text-align-justify\"><p class=\"has-text-align-left\">Multe ore de munc\u0103, repeti\u021bii \u00een toate week-endurile \u0219i de cele mai multe ori chiar \u0219i dup\u0103 ore, concerte \u00een Giurgiu, Bucure\u0219ti, Ruse \u0219i peste hotare\u2026.<\/p><\/p>\n\n\n\n<p class=\"has-text-align-left\">M\u00e2ndre s\u0103 poarte drapelul Rom\u00e2niei, s\u0103 spun\u0103 c\u0103 sunt elevele unui colegiu de prestigiu din Giurgiu \u0219i s\u0103 \u00eel reprezinte cu cinste oriunde merg, ace\u0219tia sunt elevii colegiului nostru!<\/p>\n\n\n\n<p class=\"has-text-align-justify\">Felicit\u0103ri elevelor noastre care ne fac m\u00e2ndri de performan\u021bele lor chiar \u0219i peste hotare!<\/p>\n\n\n\n<p class=\"has-text-align-left\"><a><\/a><strong>PS:<\/strong> 90% dintre membrele celor 3 forma\u021bii prezente la festival sunt eleve sau foste eleve (acum studente) al Colegiului Na\u021bional \u201eIon Maiorescu\u201d,<\/p>\n\n\n\n<p>Imagini de la evenimentul men\u021bionat g\u0103si\u021bi <a href=\"https:\/\/photos.app.goo.gl\/ku7HDe5CmZpy24ku8\">aici.<\/a><\/p>\n\n\n\n<hr class=\"wp-block-separator has-alpha-channel-opacity is-style-wide\"\/>\n\n\n\n<p>\u00cen perioada 23-27 august 2023&nbsp;corul \u201eVl\u0103sceanca\u201d al Colegiului Na\u021bional \u201eIon Maiorescu\u201d&nbsp;a CJCPCT a participat la cea de a XXII-a edi\u021bie a&nbsp;Festivalului Interna\u021bional de Muzic\u0103 \u0219i Dans \u201eMontenegro Music Fest\u201d&nbsp;ce s-a desf\u0103\u0219urat \u00een localitatea Budva din Muntenegru. La festival au fost prezen\u021bi peste 400 de copii, tineri \u0219i adul\u021bi din 7 \u021b\u0103ri: Polonia, Bulgaria, Rom\u00e2nia, Serbia, Croa\u021bia, Ungaria, Lituania ce au evoluat \u00een 3 seri: 23, 25 \u0219i 27 august. O demontra\u021bie de talent, mult\u0103 munc\u0103 \u0219i pasiune ce a adunat ropote de aplauze. Felicit\u0103ri fetelor pentru presta\u021bia artistic\u0103! Fotografii de la evenimente g\u0103si\u021bi <a href=\"https:\/\/photos.app.goo.gl\/xmS3AC44qKsrZY6N9\">aici<\/a>.<\/p>\n\n\n\n<p><\/p>\n\n\n\n<p><\/p>\n\n\n\n<p><strong>PROGRAM ACTIVIT\u0102\u021aI CORUL VL\u0102SCEANCA<\/strong><\/p>\n\n\n\n<p><strong>Decembrie 2022<\/strong><\/p>\n\n\n\n<p>15 decembrie &#8211; T\u00e2rgul de Cr\u0103ciun de la Opera Comic\u0103 pentru copii, Bucure\u0219ti \u2013 concert colinde<\/p>\n\n\n\n<p>17 decembrie\u2013 Teatrul Ruse, Bulgaria \u2013 Concert de coral Craciun<\/p>\n\n\n\n<p>18 decembrie \u2013 Biserica Baptist\u0103 \u2013 concert de colinde<\/p>\n\n\n\n<p>&nbsp;&nbsp;&nbsp;&nbsp;&nbsp;&nbsp;&nbsp;&nbsp;&nbsp;&nbsp;&nbsp;&nbsp;&nbsp;&nbsp;&nbsp;&nbsp;&nbsp;&nbsp;&nbsp;&nbsp;&nbsp;&nbsp;<strong>&nbsp;&#8211;&nbsp;<\/strong>Ateneul \u201eN. B\u0103l\u0103nescu\u201d &#8211; Concert coral de Craciun<\/p>\n\n\n\n<p>19 decembrie &#8211;&nbsp;&nbsp;Catedrala Episcopal\u0103 \u2013 Concert tradi\u021bional de Cr\u0103ciun<\/p>\n\n\n\n<p>21 decembrie- parcul Alei \u2013 Festivalul de colinde \u201eDup\u0103 datini, colind\u0103m!\u201d \u2013 recital colinde<\/p>\n\n\n\n<p>22 decembrie &#8211; Ateneul \u201eN. B\u0103l\u0103nescu\u201d, recital de colinde \u00een cadrul Concertului tradi\u021bional de Cr\u0103ciun al Episcopiei Giurgiu<\/p>\n\n\n\n<div class=\"wp-block-group\"><div class=\"wp-block-group__inner-container is-layout-constrained wp-block-group-is-layout-constrained\">\n<figure class=\"wp-block-gallery has-nested-images columns-default is-cropped wp-block-gallery-1 is-layout-flex wp-block-gallery-is-layout-flex\">\n<figure class=\"wp-block-image size-large\"><a href=\"https:\/\/maiorescu.ro\/nou2015\/wp-content\/uploads\/2022\/12\/WhatsApp-Image-2022-12-19-at-19.04.30.jpeg\"><img loading=\"lazy\" decoding=\"async\" width=\"1024\" height=\"768\" data-id=\"1653\" src=\"https:\/\/maiorescu.ro\/nou2015\/wp-content\/uploads\/2022\/12\/WhatsApp-Image-2022-12-19-at-19.04.30.jpeg\" alt=\"\" class=\"wp-image-1653\" srcset=\"https:\/\/maiorescu.ro\/nou2015\/wp-content\/uploads\/2022\/12\/WhatsApp-Image-2022-12-19-at-19.04.30.jpeg 1024w, https:\/\/maiorescu.ro\/nou2015\/wp-content\/uploads\/2022\/12\/WhatsApp-Image-2022-12-19-at-19.04.30-300x225.jpeg 300w, https:\/\/maiorescu.ro\/nou2015\/wp-content\/uploads\/2022\/12\/WhatsApp-Image-2022-12-19-at-19.04.30-768x576.jpeg 768w\" sizes=\"auto, (max-width: 1024px) 100vw, 1024px\" \/><\/a><\/figure>\n<\/figure>\n\n\n\n<figure class=\"wp-block-gallery has-nested-images columns-default is-cropped wp-block-gallery-2 is-layout-flex wp-block-gallery-is-layout-flex\">\n<figure class=\"wp-block-image size-large\"><a href=\"https:\/\/maiorescu.ro\/nou2015\/wp-content\/uploads\/2022\/12\/WhatsApp-Image-2022-12-17-at-19.17.29.jpeg\"><img loading=\"lazy\" decoding=\"async\" width=\"1024\" height=\"768\" data-id=\"1655\" src=\"https:\/\/maiorescu.ro\/nou2015\/wp-content\/uploads\/2022\/12\/WhatsApp-Image-2022-12-17-at-19.17.29-1024x768.jpeg\" alt=\"\" class=\"wp-image-1655\" srcset=\"https:\/\/maiorescu.ro\/nou2015\/wp-content\/uploads\/2022\/12\/WhatsApp-Image-2022-12-17-at-19.17.29-1024x768.jpeg 1024w, https:\/\/maiorescu.ro\/nou2015\/wp-content\/uploads\/2022\/12\/WhatsApp-Image-2022-12-17-at-19.17.29-300x225.jpeg 300w, https:\/\/maiorescu.ro\/nou2015\/wp-content\/uploads\/2022\/12\/WhatsApp-Image-2022-12-17-at-19.17.29-768x576.jpeg 768w, https:\/\/maiorescu.ro\/nou2015\/wp-content\/uploads\/2022\/12\/WhatsApp-Image-2022-12-17-at-19.17.29-1536x1152.jpeg 1536w, https:\/\/maiorescu.ro\/nou2015\/wp-content\/uploads\/2022\/12\/WhatsApp-Image-2022-12-17-at-19.17.29.jpeg 2048w\" sizes=\"auto, (max-width: 1024px) 100vw, 1024px\" \/><\/a><\/figure>\n<\/figure>\n<\/div><\/div>\n\n\n\n<h1 class=\"wp-block-heading has-medium-font-size\"><strong>Corul \u201eVl\u0103sceanca\u201d la Ateneul Rom\u00e2n<\/strong><\/h1>\n\n\n\n<p>&nbsp;\u00cen data de 17 octombrie 2022 de la ora 19:00, la Ateneul Rom\u00e2n a avut loc tragerea la sor\u021bi a grupelor turneului final&nbsp;UEFA Under 21 Championship, la care na\u021bionala noastr\u0103 e calificat\u0103 din postura de \u021bar\u0103 gazd\u0103.<\/p>\n\n\n\n<p>La evenimentul organizat de&nbsp;Federa\u021bia Rom\u00e2n\u0103 de Fotbal&nbsp;au participat mai multe coruri \u0219i ansambluri printre care \u0219i Corul \u201eVl\u0103sceanca\u201d al Colegiului Na\u021bional \u201eIon Maiorescu\u201d din Giurgiu, dirijor prof. Carmen Mihaela Pe\u021banca<\/p>\n\n\n\n<p><a href=\"https:\/\/www.facebook.com\/CantusMundiRomania\/videos\/corul-moderato-din-jijila\/451593493537443\/?__cft__[0]=AZXFNf-jGPatHLfmck9PE3SIMKcd6S6IvymoGKqGvJICEoLZtF4bJ1IcmCf1hsY0nAF5w-BP_MWmH7GWYopCLlswdoqjG5VE0tm1osH-4zTqAuJyfFJ57hivuUDQSL1qYYszuyUz50HkALUkvEOMo1enge2wDUhUgBgfCp8hb6VdRA\"><\/a><\/p>\n\n\n<div class=\"wp-block-image\">\n<figure class=\"alignleft size-large is-resized\"><a href=\"https:\/\/maiorescu.ro\/nou2015\/wp-content\/uploads\/2022\/10\/WhatsApp-Image-2022-10-19-at-00.16.21-1.jpeg\"><img loading=\"lazy\" decoding=\"async\" width=\"769\" height=\"1024\" src=\"https:\/\/maiorescu.ro\/nou2015\/wp-content\/uploads\/2022\/10\/WhatsApp-Image-2022-10-19-at-00.16.21-1-769x1024.jpeg\" alt=\"\" class=\"wp-image-1606\" style=\"width:488px;height:652px\" srcset=\"https:\/\/maiorescu.ro\/nou2015\/wp-content\/uploads\/2022\/10\/WhatsApp-Image-2022-10-19-at-00.16.21-1-769x1024.jpeg 769w, https:\/\/maiorescu.ro\/nou2015\/wp-content\/uploads\/2022\/10\/WhatsApp-Image-2022-10-19-at-00.16.21-1-225x300.jpeg 225w, https:\/\/maiorescu.ro\/nou2015\/wp-content\/uploads\/2022\/10\/WhatsApp-Image-2022-10-19-at-00.16.21-1-768x1023.jpeg 768w, https:\/\/maiorescu.ro\/nou2015\/wp-content\/uploads\/2022\/10\/WhatsApp-Image-2022-10-19-at-00.16.21-1-1153x1536.jpeg 1153w, https:\/\/maiorescu.ro\/nou2015\/wp-content\/uploads\/2022\/10\/WhatsApp-Image-2022-10-19-at-00.16.21-1.jpeg 1537w\" sizes=\"auto, (max-width: 769px) 100vw, 769px\" \/><\/a><\/figure>\n<\/div>\n\n<div class=\"wp-block-image\">\n<figure class=\"alignleft size-large is-resized\"><a href=\"https:\/\/maiorescu.ro\/nou2015\/wp-content\/uploads\/2022\/10\/WhatsApp-Image-2022-10-19-at-00.16.21.jpeg\"><img loading=\"lazy\" decoding=\"async\" width=\"1024\" height=\"769\" src=\"https:\/\/maiorescu.ro\/nou2015\/wp-content\/uploads\/2022\/10\/WhatsApp-Image-2022-10-19-at-00.16.21-1024x769.jpeg\" alt=\"\" class=\"wp-image-1608\" style=\"width:489px;height:367px\" srcset=\"https:\/\/maiorescu.ro\/nou2015\/wp-content\/uploads\/2022\/10\/WhatsApp-Image-2022-10-19-at-00.16.21-1024x769.jpeg 1024w, https:\/\/maiorescu.ro\/nou2015\/wp-content\/uploads\/2022\/10\/WhatsApp-Image-2022-10-19-at-00.16.21-300x225.jpeg 300w, https:\/\/maiorescu.ro\/nou2015\/wp-content\/uploads\/2022\/10\/WhatsApp-Image-2022-10-19-at-00.16.21-768x576.jpeg 768w, https:\/\/maiorescu.ro\/nou2015\/wp-content\/uploads\/2022\/10\/WhatsApp-Image-2022-10-19-at-00.16.21-1536x1153.jpeg 1536w, https:\/\/maiorescu.ro\/nou2015\/wp-content\/uploads\/2022\/10\/WhatsApp-Image-2022-10-19-at-00.16.21.jpeg 1600w\" sizes=\"auto, (max-width: 1024px) 100vw, 1024px\" \/><\/a><\/figure>\n<\/div>\n\n\n<figure class=\"wp-block-image size-large is-resized\"><a href=\"https:\/\/maiorescu.ro\/nou2015\/wp-content\/uploads\/2022\/10\/WhatsApp-Image-2022-10-19-at-00.16.20-1.jpeg\"><img loading=\"lazy\" decoding=\"async\" width=\"1024\" height=\"769\" src=\"https:\/\/maiorescu.ro\/nou2015\/wp-content\/uploads\/2022\/10\/WhatsApp-Image-2022-10-19-at-00.16.20-1-1024x769.jpeg\" alt=\"\" class=\"wp-image-1609\" style=\"width:490px;height:368px\" srcset=\"https:\/\/maiorescu.ro\/nou2015\/wp-content\/uploads\/2022\/10\/WhatsApp-Image-2022-10-19-at-00.16.20-1-1024x769.jpeg 1024w, https:\/\/maiorescu.ro\/nou2015\/wp-content\/uploads\/2022\/10\/WhatsApp-Image-2022-10-19-at-00.16.20-1-300x225.jpeg 300w, https:\/\/maiorescu.ro\/nou2015\/wp-content\/uploads\/2022\/10\/WhatsApp-Image-2022-10-19-at-00.16.20-1-768x576.jpeg 768w, https:\/\/maiorescu.ro\/nou2015\/wp-content\/uploads\/2022\/10\/WhatsApp-Image-2022-10-19-at-00.16.20-1-1536x1153.jpeg 1536w, https:\/\/maiorescu.ro\/nou2015\/wp-content\/uploads\/2022\/10\/WhatsApp-Image-2022-10-19-at-00.16.20-1.jpeg 1600w\" sizes=\"auto, (max-width: 1024px) 100vw, 1024px\" \/><\/a><\/figure>\n\n\n\n<figure class=\"wp-block-gallery has-nested-images columns-default is-cropped wp-block-gallery-3 is-layout-flex wp-block-gallery-is-layout-flex\">\n<figure class=\"wp-block-image size-large\"><a href=\"https:\/\/maiorescu.ro\/nou2015\/wp-content\/uploads\/2022\/10\/WhatsApp-Image-2022-10-19-at-00.16.20.jpeg\"><img loading=\"lazy\" decoding=\"async\" width=\"769\" height=\"1024\" data-id=\"1610\" src=\"https:\/\/maiorescu.ro\/nou2015\/wp-content\/uploads\/2022\/10\/WhatsApp-Image-2022-10-19-at-00.16.20-769x1024.jpeg\" alt=\"\" class=\"wp-image-1610\" srcset=\"https:\/\/maiorescu.ro\/nou2015\/wp-content\/uploads\/2022\/10\/WhatsApp-Image-2022-10-19-at-00.16.20-769x1024.jpeg 769w, https:\/\/maiorescu.ro\/nou2015\/wp-content\/uploads\/2022\/10\/WhatsApp-Image-2022-10-19-at-00.16.20-225x300.jpeg 225w, https:\/\/maiorescu.ro\/nou2015\/wp-content\/uploads\/2022\/10\/WhatsApp-Image-2022-10-19-at-00.16.20-768x1023.jpeg 768w, https:\/\/maiorescu.ro\/nou2015\/wp-content\/uploads\/2022\/10\/WhatsApp-Image-2022-10-19-at-00.16.20-1153x1536.jpeg 1153w, https:\/\/maiorescu.ro\/nou2015\/wp-content\/uploads\/2022\/10\/WhatsApp-Image-2022-10-19-at-00.16.20.jpeg 1201w\" sizes=\"auto, (max-width: 769px) 100vw, 769px\" \/><\/a><\/figure>\n<\/figure>\n\n\n\n<p><\/p>\n\n\n\n<p><\/p>\n\n\n\n<p><\/p>\n\n\n\n<p><\/p>\n\n\n\n<p><\/p>\n\n\n\n<p><\/p>\n\n\n\n<p><\/p>\n\n\n\n<p><\/p>\n\n\n\n<p><\/p>\n\n\n\n<p><\/p>\n\n\n\n<p><\/p>\n\n\n\n<h2 class=\"wp-block-heading\">Corul \u201eVl\u0103sceanca\u201d premiat la Olimpiada Coral\u0103<\/h2>\n\n\n\n<p><\/p>\n\n\n\n<p><\/p>\n\n\n\n<p>CORUL \u201eVL\u0102SCEANCA\u201d premiat la Olimpiad\u0103 \u00een data de 24 martie, corul \u201eVl\u0103sceanca\u201d a participat la faza zonal\u0103 a Olimpiadei Na\u021bionale de Muzic\u0103 Coral\u0103 ce s-a desf\u0103\u0219urat \u00een localitatea Slobozia, jude\u021bul Ialomi\u021ba. Concursul s-a desf\u0103\u0219urat pe mai multe sec\u021biuni, corul nostru particip\u00e2nd la sec\u021biunea B: Coruri de la licee\/colegii &#8211; altele dec\u00e2t cele de art\u0103 \u2013 muzic\u0103. \u00cen urma presta\u021biei, juriul a acordat corului premiul I cu 97 puncte.<\/p>\n\n\n\n<figure class=\"wp-block-gallery has-nested-images columns-default is-cropped wp-block-gallery-4 is-layout-flex wp-block-gallery-is-layout-flex\">\n<figure class=\"wp-block-image\"><img loading=\"lazy\" decoding=\"async\" width=\"1024\" height=\"768\" data-id=\"1194\" src=\"https:\/\/maiorescu.ro\/nou2015\/wp-content\/uploads\/2019\/06\/IMG-20190324-WA0012-1024x768.jpg\" alt=\"\" class=\"wp-image-1194\" srcset=\"https:\/\/maiorescu.ro\/nou2015\/wp-content\/uploads\/2019\/06\/IMG-20190324-WA0012-1024x768.jpg 1024w, https:\/\/maiorescu.ro\/nou2015\/wp-content\/uploads\/2019\/06\/IMG-20190324-WA0012-300x225.jpg 300w, https:\/\/maiorescu.ro\/nou2015\/wp-content\/uploads\/2019\/06\/IMG-20190324-WA0012-768x576.jpg 768w, https:\/\/maiorescu.ro\/nou2015\/wp-content\/uploads\/2019\/06\/IMG-20190324-WA0012.jpg 1600w\" sizes=\"auto, (max-width: 1024px) 100vw, 1024px\" \/><\/figure>\n\n\n\n<figure class=\"wp-block-image\"><img loading=\"lazy\" decoding=\"async\" width=\"1024\" height=\"768\" data-id=\"1196\" src=\"https:\/\/maiorescu.ro\/nou2015\/wp-content\/uploads\/2019\/06\/IMG-20190324-WA0050-1024x768.jpg\" alt=\"\" class=\"wp-image-1196\" srcset=\"https:\/\/maiorescu.ro\/nou2015\/wp-content\/uploads\/2019\/06\/IMG-20190324-WA0050-1024x768.jpg 1024w, https:\/\/maiorescu.ro\/nou2015\/wp-content\/uploads\/2019\/06\/IMG-20190324-WA0050-300x225.jpg 300w, https:\/\/maiorescu.ro\/nou2015\/wp-content\/uploads\/2019\/06\/IMG-20190324-WA0050-768x576.jpg 768w, https:\/\/maiorescu.ro\/nou2015\/wp-content\/uploads\/2019\/06\/IMG-20190324-WA0050.jpg 1600w\" sizes=\"auto, (max-width: 1024px) 100vw, 1024px\" \/><\/figure>\n\n\n\n<figure class=\"wp-block-image\"><img loading=\"lazy\" decoding=\"async\" width=\"1024\" height=\"576\" data-id=\"1195\" src=\"https:\/\/maiorescu.ro\/nou2015\/wp-content\/uploads\/2019\/06\/IMG-20190324-WA0027-1024x576.jpg\" alt=\"\" class=\"wp-image-1195\" srcset=\"https:\/\/maiorescu.ro\/nou2015\/wp-content\/uploads\/2019\/06\/IMG-20190324-WA0027-1024x576.jpg 1024w, https:\/\/maiorescu.ro\/nou2015\/wp-content\/uploads\/2019\/06\/IMG-20190324-WA0027-300x169.jpg 300w, https:\/\/maiorescu.ro\/nou2015\/wp-content\/uploads\/2019\/06\/IMG-20190324-WA0027-768x432.jpg 768w, https:\/\/maiorescu.ro\/nou2015\/wp-content\/uploads\/2019\/06\/IMG-20190324-WA0027.jpg 1600w\" sizes=\"auto, (max-width: 1024px) 100vw, 1024px\" \/><\/figure>\n<\/figure>\n\n\n<p align=\"justify\">Corul \u201dVl\u0103sceanca\u201d a luat fiin\u021b\u0103 \u00een anul 2006, sub \u00eendrumarea d-nei Carmen Mihaela Pe\u021banca, profesor de muzic\u0103 la Colegiul Na\u021bional \u201dIon Maiorescu\u201d Giurgiu. Este un cor de voci egale, din componenta c\u0103ruia fac parte eleve din clasele V \u2013 XII.<\/p>\n<p>Repertoriul abordat de acest cor este bogat \u0219i divers cuprinz\u00e2nd:<\/p>\n<ul>\n<li>c\u00e2ntece \u0219i colinde specifice s\u0103rb\u0103torilor de iarn\u0103<\/li>\n<li>colinde pascale<\/li>\n<li>c\u00e2ntece religioase<\/li>\n<li>lucr\u0103ri de factur\u0103 cult\u0103<\/li>\n<li>prelucr\u0103ri folclorice<\/li>\n<\/ul>\n<p>De-a lungul anilor a participat la diferite manifestari cu caracter local \u0219i national:<\/p>\n<ul>\n<li>festivalul judetean de datini si obiciuri de iarna <strong>\u201dDupa datini colindam\u201d<\/strong> organizat de C.J.C.P.C.T.Giurgiu;<\/li>\n<li><strong>Concertul de colinde<\/strong> organizat de c\u0103tre episcopia Giurgiului;<\/li>\n<li>Festivalul interconfesional de muzica corala religioasa <strong>\u201dLumin\u0103 din lumin\u0103\u201d<\/strong> organizat de C.J.C.P.C.T.Giurgiu;<\/li>\n<li>Spectacole sustinute in Bucuresti ( parcurile Herastrau \u0219i Cismigiu) cu prilejul sarbatorilor pascale <strong>\u201dTraditii si flori de sarbatori\u201d <\/strong>&#8211; manifestari organizare de Primaria Municipiului Bucuresti \u0219i Centrul Tradi\u021biei si Creatiei Populare Bucuresti;<\/li>\n<li>Festivalul interconfesional de muzica si poezie crestina <strong>\u201d Victoria luminii\u201d, <\/strong>Timisoara;<\/li>\n<li><strong>Olimpiada corala<\/strong> organizata de Ministerul Invatamantului, Buzau, 2009;<\/li>\n<li>Colaborare cu CENTRUL JUDE\u0162EAN PENTRU CONSERVAREA \u015eI PROMOVAREA CULTURII TRADI\u0162IONALE Giurgiu in vederea realizarii primului volum al CD \u2013ului de colinde vl\u0103scene editat de aceast\u0103 institutie;<\/li>\n<\/ul>\n<p align=\"justify\">Din anul 2017, corul este \u00eenscris \u00een programul Na\u021bional Cantus Mundi, un program ini\u021biat de Corul Madrigal \u0219i Ministerul Culturii. Prin acest program, corul a fost invitat \u00een decembrie anul trecut s\u0103 sus\u021bin\u0103 un recital de colinde \u0219i c\u00e2ntece de iarn\u0103 la Opera comic\u0103 pentru copii si deasemenea a c\u00e2ntat \u00een direct la emisiunea \u201eOaza de muzic\u0103\u201d de la Radio Rom\u00e2nia Cultural.<\/p>\n<p align=\"justify\">\u00cen perioada 26-30 iulie, corul \u201eVl\u0103sceanca\u201d va reprezenta Giurgiu \u0219i Rom\u00e2nia la un Festival Interna\u021bional \u00een Macedonia.<\/p>\n<p align=\"justify\">S\u00e2mb\u0103t\u0103, 12 mai 2018, corul \u201eVl\u0103sceanca\u201d al Colegiului Na\u021bional \u201eIon Maiorescu\u201d a fost prezent la Festivalul Concurs de Muzic\u0103 Ortodox\u0103 Popovo-Medovina, Bulgaria. Festivalul, aflat la prima edi\u021bie, a reunit \u00een biserica din Medovina 15 forma\u021bii corale de tineret \u0219i adul\u021bi din Bulgaria, Rom\u00e2nia fiind reprezentat\u0103 de corul colegiului. Presta\u021bia arti\u0219tilor a fost apreciat\u0103 de un juriu de specialitate format din reprezentan\u021bi ai televiziunii din Sofia, realizatori de emisiuni radio, dirijori \u0219i compozitori. Corul \u201eVl\u0103sceanca\u201d a prezentat in concurs 3 piese religioase, ob\u021bin\u00e2nd un Premiu Special \u0219i Locul II.<\/p>\n<p align=\"justify\">\u00cen dup\u0103 amiaza aceleia\u0219i zile, corul a fost invitat s\u0103 evolueze \u00een concertul de gal\u0103 din catedrala Popovo, \u00een prezen\u021ba oficialit\u0103\u021bilor locale \u0219i reprezentan\u021bilor Mitropoliei.<\/p>\n<p>Poze de la evenimente vede\u021bi <a href=\"https:\/\/drive.google.com\/drive\/folders\/1R80eHPhAs2NUiSw7ZJg63KUiXKaroyla?usp=sharing\">aici<\/a>.<\/p>\n<p>Toate activit\u0103\u021bile\u00a0Centrului Jude\u0163ean pentru Conservarea \u015fi Promovarea Culturii Tradi\u021bionale Giurgiu, sunt ilustrate pe pagina institu\u021biei <a href=\"http:\/\/www.traditiigiurgiu.ro\">www.traditiigiurgiu.ro<\/a>.<\/p>","protected":false},"excerpt":{"rendered":"<p>Corul \u201eVl\u0103sceanca\u201d al Colegiului Na\u021bional \u201eIon Maiorescu\u201d prezent pe scena Festivalului Interna\u021bional \u201eChristmas Beofest\u201d, Serbia \u00cen perioada 15-18 decembrie 2023, elevele corului \u201eVl\u0103sceanca\u201d al Colegiului Na\u021bional \u201eIon Maiorescu\u201d, al\u0103turi de forma\u021bia de dansuri populare \u201eRom\u00e2na\u0219ul\u201d \u0219i trupa de majorete \u201eSTEP-UP\u201d, &hellip; <a href=\"https:\/\/maiorescu.ro\/nou2015\/corul-cnim\/\">Continu\u0103 s\u0103 cite\u0219ti <span class=\"meta-nav\">&rarr;<\/span><\/a><\/p>\n","protected":false},"author":1,"featured_media":0,"parent":0,"menu_order":0,"comment_status":"closed","ping_status":"closed","template":"","meta":{"footnotes":""},"class_list":["post-750","page","type-page","status-publish","hentry"],"_links":{"self":[{"href":"https:\/\/maiorescu.ro\/nou2015\/wp-json\/wp\/v2\/pages\/750","targetHints":{"allow":["GET"]}}],"collection":[{"href":"https:\/\/maiorescu.ro\/nou2015\/wp-json\/wp\/v2\/pages"}],"about":[{"href":"https:\/\/maiorescu.ro\/nou2015\/wp-json\/wp\/v2\/types\/page"}],"author":[{"embeddable":true,"href":"https:\/\/maiorescu.ro\/nou2015\/wp-json\/wp\/v2\/users\/1"}],"replies":[{"embeddable":true,"href":"https:\/\/maiorescu.ro\/nou2015\/wp-json\/wp\/v2\/comments?post=750"}],"version-history":[{"count":30,"href":"https:\/\/maiorescu.ro\/nou2015\/wp-json\/wp\/v2\/pages\/750\/revisions"}],"predecessor-version":[{"id":1800,"href":"https:\/\/maiorescu.ro\/nou2015\/wp-json\/wp\/v2\/pages\/750\/revisions\/1800"}],"wp:attachment":[{"href":"https:\/\/maiorescu.ro\/nou2015\/wp-json\/wp\/v2\/media?parent=750"}],"curies":[{"name":"wp","href":"https:\/\/api.w.org\/{rel}","templated":true}]}}